{"id":16,"date":"2023-09-26T18:34:03","date_gmt":"2023-09-26T16:34:03","guid":{"rendered":"http:\/\/hospicjum-nadzieja.pl\/?page_id=16"},"modified":"2026-03-30T09:01:29","modified_gmt":"2026-03-30T07:01:29","slug":"kontakt","status":"publish","type":"page","link":"https:\/\/hospicjum-nadzieja.pl\/?page_id=16","title":{"rendered":"Kontakt"},"content":{"rendered":"\n<p><\/p>\n\n\n\n<hr class=\"wp-block-separator has-alpha-channel-opacity\"\/>\n\n\n\n<p class=\"has-text-align-center\">Stowarzyszenie na rzecz os\u00f3b na rzecz os\u00f3b z chorob\u0105 nowotworowa <strong>,,Nadzieja\u2019<\/strong>\u2019w E\u0142ku<\/p>\n\n\n\n<p class=\"has-text-align-center\">KRS: 0001012651<\/p>\n\n\n\n<p class=\"has-text-align-center\">NIP: 8481884286<\/p>\n\n\n\n<p class=\"has-text-align-center\">Regon: 524230237 &nbsp;&nbsp;<\/p>\n\n\n\n<p class=\"has-text-align-center\">\u015awiadczenia na NFZ<\/p>\n\n\n\n<p class=\"has-text-align-center\">HOSPICJUM DOMOWE<\/p>\n\n\n\n<p class=\"has-text-align-center\">PORADNIA MEDYCYNY PALIATYWNEJ<\/p>\n\n\n\n<p class=\"has-text-align-center\">ul. D\u0105browskiego 10\/5U<\/p>\n\n\n\n<p class=\"has-text-align-center\">19-300 E\u0142k<\/p>\n\n\n\n<p class=\"has-text-align-center\">tel. 87 731 00 55<\/p>\n\n\n\n<p class=\"has-text-align-center\">tel. kom. 698 380 169<\/p>\n\n\n\n<p class=\"has-text-align-center\">email: <a href=\"mailto:hospicjum.nadzieja.elk@gmail.com\">hospicjum.nadzieja.elk@gmail.com<\/a><\/p>\n\n\n\n<p class=\"has-text-align-center\">rejestracja w ka\u017cdy dzie\u0144 roboczy w godz 8-10<\/p>\n\n\n\n<hr class=\"wp-block-separator has-alpha-channel-opacity\"\/>\n\n\n\n<center><iframe src=\"https:\/\/www.google.com\/maps\/embed?pb=!1m18!1m12!1m3!1d467.3080780926896!2d22.3607994270161!3d53.823563511582734!2m3!1f0!2f0!3f0!3m2!1i1024!2i768!4f13.1!3m3!1m2!1s0x46e1b97f0ff4a8a1%3A0xe0dc62580e16a572!2zSmFyb3PFgmF3YSBExIVicm93c2tpZWdvIDEwLzV1LCAxOS0zMDAgRcWCaw!5e0!3m2!1spl!2spl!4v1695745991892!5m2!1spl!2spl\" width=\"600\" height=\"450\" style=\"border:0;\" allowfullscreen=\"\" loading=\"lazy\" referrerpolicy=\"no-referrer-when-downgrade\"><\/iframe><\/center>\n","protected":false},"excerpt":{"rendered":"<p>Stowarzyszenie na rzecz os\u00f3b na rzecz os\u00f3b z chorob\u0105 nowotworowa ,,Nadzieja\u2019\u2019w E\u0142ku KRS: 0001012651 NIP: 8481884286 Regon: 524230237 &nbsp;&nbsp; \u015awiadczenia na NFZ HOSPICJUM DOMOWE PORADNIA MEDYCYNY PALIATYWNEJ ul. D\u0105browskiego 10\/5U 19-300 E\u0142k tel. 87 731 00 55 tel. kom. 698 380 169 email: hospicjum.nadzieja.elk@gmail.com rejestracja w ka\u017cdy dzie\u0144 roboczy w godz 8-10<\/p>\n","protected":false},"author":1,"featured_media":0,"parent":0,"menu_order":0,"comment_status":"closed","ping_status":"closed","template":"","meta":{"hide_page_title":"","_coblocks_attr":"","_coblocks_dimensions":"","_coblocks_responsive_height":"","_coblocks_accordion_ie_support":"","footnotes":""},"class_list":["post-16","page","type-page","status-publish","hentry"],"_links":{"self":[{"href":"https:\/\/hospicjum-nadzieja.pl\/index.php?rest_route=\/wp\/v2\/pages\/16","targetHints":{"allow":["GET"]}}],"collection":[{"href":"https:\/\/hospicjum-nadzieja.pl\/index.php?rest_route=\/wp\/v2\/pages"}],"about":[{"href":"https:\/\/hospicjum-nadzieja.pl\/index.php?rest_route=\/wp\/v2\/types\/page"}],"author":[{"embeddable":true,"href":"https:\/\/hospicjum-nadzieja.pl\/index.php?rest_route=\/wp\/v2\/users\/1"}],"replies":[{"embeddable":true,"href":"https:\/\/hospicjum-nadzieja.pl\/index.php?rest_route=%2Fwp%2Fv2%2Fcomments&post=16"}],"version-history":[{"count":4,"href":"https:\/\/hospicjum-nadzieja.pl\/index.php?rest_route=\/wp\/v2\/pages\/16\/revisions"}],"predecessor-version":[{"id":72,"href":"https:\/\/hospicjum-nadzieja.pl\/index.php?rest_route=\/wp\/v2\/pages\/16\/revisions\/72"}],"wp:attachment":[{"href":"https:\/\/hospicjum-nadzieja.pl\/index.php?rest_route=%2Fwp%2Fv2%2Fmedia&parent=16"}],"curies":[{"name":"wp","href":"https:\/\/api.w.org\/{rel}","templated":true}]}}